 v(x) = 35259*x - 105788. Calculate v(3).
-11
Let v(f) = -11*f**2 + 6*f - 21. Calculate v(4).
-173
Let j(i) = -970*i**2 - 3892*i - 58. Determine j(-4).
-10
Let g(f) = -4610*f + 3664960. Calculate g(795).
10
Let b(p) = p**3 - 29*p**2 + 180*p - 206. Determine b(21).
46
Let q(g) = -5443*g - 364666. What is q(-67)?
15
Let o(w) = w**3 - 109*w**2 + 2911*w + 1027. Give o(61).
-10
Let o(y) = y**3 - 18*y**2 - 131*y - 74. Determine o(-6).
-152
Let r(f) = -f**3 + 11*f**2 + 65*f + 26. Calculate r(-4).
6
Let n(l) = 5009*l - 22938. What is n(5)?
2107
Let l(t) = 15*t**2 + 309*t + 4421. Give l(-13).
2939
Let c(i) = -8301*i - 8280. What is c(-1)?
21
Let z(w) = -31705*w - 253553. Give z(-8).
87
Let d(j) = -5049*j + 25625. Calculate d(5).
380
Let s(z) = -6*z**2 + 278*z - 585. Determine s(44).
31
Let o(m) = 3*m**3 - 28*m**2 - 64*m + 22. Calculate o(11).
-77
Let i(n) = -11*n**3 - 1103*n**2 - 311*n - 1083. What is i(-100)?
17
Let t(v) = 1300*v + 163738. Determine t(-126).
-62
Let y(c) = -168959*c - 3041272. Calculate y(-18).
-10
Let o(r) = 4900*r - 401826. Calculate o(82).
-26
Let g(s) = s**3 + 40*s**2 - 97*s + 19. Calculate g(-42).
565
Let k(t) = 2968*t - 240414. What is k(81)?
-6
Let j(f) = 13*f**3 + 8*f**2 - 4*f - 4. What is j(1)?
13
Let h(a) = 300*a**2 + 513*a - 5. Determine h(-2).
169
Let z(v) = v**3 - 72*v**2 + 436*v - 2630. What is z(66)?
10
Let w(k) = -k**2 - 11857*k + 249425. What is w(21)?
-13
Let n(f) = 913*f + 41980. Give n(-46).
-18
Let c(h) = 909*h + 200. What is c(2)?
2018
Let g(l) = -21850*l + 43519. What is g(2)?
-181
Let q(f) = 2739*f - 7318. Calculate q(4).
3638
Let b(g) = -g**3 - 237*g**2 - 847*g + 19775. What is b(-233)?
-30
Let x(l) = -l**3 - 57*l**2 - 407*l - 830. What is x(-49)?
-95
Let p(g) = 21*g**3 + 461*g**2 - 97*g - 1659. Calculate p(-22).
-9
Let w(b) = -b**3 + 44*b**2 - 373*b + 15001. Determine w(43).
811
Let b(l) = -6182*l + 43472. What is b(7)?
198
Let q(a) = -23*a**3 + 346*a**2 - 17*a - 52. Give q(15).
-82
Let o(n) = -n**3 + 50*n**2 - 135*n - 129. Determine o(47).
153
Let j(d) = -d**3 - 37*d**2 + 429*d + 5323. What is j(-8)?
35
Let g(j) = -3*j**2 + 3585*j + 39802. Give g(-11).
4
Let i(m) = -7288*m + 94696. Calculate i(13).
-48
Let s(o) = -2*o**3 + 24*o**2 + 80*o - 260. Determine s(14).
76
Let s(l) = 452*l - 65002. Calculate s(144).
86
Let a(t) = t**2 - 43*t - 169. Calculate a(50).
181
Let p(u) = 10*u**3 + 32*u**2 - 58*u + 155. What is p(-5)?
-5
Let u(m) = m**3 - 18*m**2 - 1481*m + 31445. Calculate u(23).
27
Let c(t) = 463*t + 2513. What is c(-6)?
-265
Let h(c) = 3289*c + 55857. Determine h(-17).
-56
Let c(r) = r**3 - 42*r**2 - 323*r + 13008. Determine c(42).
-558
Let d(x) = 2*x**3 - 9*x**2 - 228*x + 1700. Determine d(10).
520
Let a(m) = 3*m**3 + 468*m**2 - 8*m - 945. Calculate a(-156).
303
Let a(j) = 2*j**3 - 133*j**2 + 145*j - 14217. Give a(67).
-13
Let s(h) = h**2 - 2832*h + 194. Give s(0).
194
Let h(n) = -2*n**3 - 80*n**2 + 49*n + 368. What is h(-39)?
-4585
Let p(w) = -807*w + 11181. Give p(14).
-117
Let h(y) = y**3 + 178*y**2 + 2168*y + 6516. What is h(-5)?
1
Let b(r) = -29*r**3 + 18245*r**2 - 2520*r + 2528. Give b(629).
12
Let n(r) = r**3 - 50*r**2 - 17177*r + 844073. What is n(49)?
-1
Let m(r) = r**2 + 475*r - 52826. Give m(-568).
-2
Let y(q) = 5030*q - 570. Determine y(0).
-570
Let q(j) = 65435*j + 130856. Calculate q(-2).
-14
Let j(x) = -13*x**3 - 5693*x**2 + 444*x + 2505. What is j(-438)?
-123
Let j(y) = -42*y**2 + 5231*y - 2880. Calculate j(124).
-28
Let u(i) = i**3 + 186*i**2 + 739*i - 4. Calculate u(-4).
-48
Let r(h) = -1919*h - 143948. Calculate r(-75).
-23
Let z(q) = -85*q + 2063. Determine z(27).
-232
Let l(w) = 481*w + 230401. Give l(-479).
2
Let b(u) = 3721*u + 148855. What is b(-40)?
15
Let q(p) = -p**2 - 87*p - 317. What is q(-84)?
-65
Let x(i) = 11533199*i + 34599588. What is x(-3)?
-9
Let b(l) = 300*l - 55309. Determine b(183).
-409
Let o(l) = 7908*l - 102813. Give o(13).
-9
Let a(t) = -41*t**2 + 1695*t - 2193. What is a(40)?
7
Let y(x) = 707*x + 39073. Calculate y(-57).
-1226
Let l(w) = 2*w**3 - 37*w**2 - 19282*w + 365981. Give l(19).
-16
Let y(z) = -29*z**2 - 3060*z - 1769. Give y(-105).
-194
Let g(x) = x**2 - 2239*x + 920939. Calculate g(543).
11
Let j(g) = -g**3 + 4*g**2 + 216*g - 1495. What is j(7)?
-130
Let p(s) = -s**3 - 585*s**2 + 26984*s + 848. Calculate p(43).
-12
Let h(o) = 2*o**2 - 1279*o - 26369. Calculate h(-20).
11
Let t(x) = -x**3 - 28*x**2 + 490*x - 58. What is t(13)?
-617
Let l(s) = 3229*s + 1010650. Determine l(-313).
-27
Let z(h) = 2097*h + 6334. Give z(-3).
43
Let d(a) = 44615*a - 133844. Determine d(3).
1
Let s(r) = r**3 - 7*r**2 - 121*r - 573. Calculate s(-5).
-268
Let q(s) = 3358*s - 23656. Determine q(7).
-150
Let m(i) = -29*i + 591. What is m(32)?
-337
Let j(g) = -2*g**3 - 131*g**2 - 1069*g - 299. Give j(-56).
-19
Let o(s) = -s**3 - 16*s**2 - 48*s - 701. What is o(-15)?
-206
Let x(z) = 4*z**2 - 89*z - 125. Determine x(29).
658
Let s(k) = -k**2 - 9736*k - 954090. Give s(-99).
-27
Let b(v) = -2373*v + 18711. What is b(8)?
-273
Let y(x) = 46*x - 1257. Give y(12).
-705
Let x(r) = -145409*r - 872537. What is x(-6)?
-83
Let j(r) = 236*r + 4771. Give j(-21).
-185
Let m(g) = -62*g + 1560. Give m(24).
72
Let w(m) = 5*m**3 - 1070*m**2 - 104*m + 22266. Determine w(214).
10
Let a(d) = 23*d**2 + 30*d - 52. Give a(0).
-52
Let f(u) = -1870*u - 162765. Calculate f(-87).
-75
Let j(u) = 18515*u - 37069. What is j(2)?
-39
Let p(y) = 2*y**2 - 341*y + 14245. Determine p(71).
116
Let w(y) = -406*y + 18736. Calculate w(46).
60
Let u(j) = -63888*j + 4727708. Calculate u(74).
-4
Let g(s) = -12514*s + 112759. Give g(9).
133
Let u(n) = 10*n**3 - 400*n**2 - 11*n - 328. Calculate u(40).
-768
Let h(p) = p**2 - 123*p + 3090. What is h(36)?
-42
Let l(t) = -141855*t + 851110. Determine l(6).
-20
Let n(i) = 18*i**2 - 535*i - 4100. Give n(36).
-32
Let n(q) = 1148*q + 6874. Calculate n(-5).
1134
Let i(l) = -2767*l + 72013. Give i(26).
71
Let w(g) = -3*g**3 + 9*g**2 + 31*g - 809. What is w(7)?
-1180
Let p(t) = 3062*t - 14838. What is p(5)?
472
Let h(c) = 12021*c - 1057859. Determine h(88).
-11
Let q(h) = 34507*h - 104499. Determine q(3).
-978
Let y(k) = -2*k**2 - 264*k + 1377. Give y(5).
7
Let t(g) = g**3 + 778*g**2 - 37034*g - 54. Determine t(45).
-9
Let m(l) = -l**3 - 90*l**2 + 103*l + 817. What is m(-91)?
-275
Let v(g) = 2*g**3 + 548*g**2 + 37034*g + 1086. What is v(-121)?
118
Let z(s) = 10*s**2 + 236*s + 1236. What is z(-16)?
20
Let m(k) = -3*k**3 - 15*k**2 + 14*k - 134. Give m(-7).
62
Let a(m) = -m**3 - 186*m**2 - 911*m - 745. What is a(-181)?
341
Let j(t) = -332260*t - 7309722. Calculate j(-22).
-2
Let u(j) = 42772*j - 213815. Determine u(5).
45
Let g(b) = -33331*b - 166709. Give g(-5).
-54
Let c(k) = 2*k**2 - 5819. Calculate c(54).
13
Let w(g) = g**3 + 11*g**2 - 117*g - 38. Calculate w(-14).
1012
Let o(h) = -593*h + 2347. Calculate o(4).
-25
Let w(r) = -2*r**2 + 722*r - 10400. Determine w(15).
-20
Let n(s) = 7426*s - 868850. Give n(117).
-8
Let c(j) = 47631*j + 428672. Calculate c(-9).
-7
Let t(z) = 15*z**2 - 1128*z + 6810. Calculate t(6).
582
Let a(t) = t**3 - 13*t**2 + 493*t + 1045. Calculate a(-2).
-1
Let k(m) = -m**3 + 145*m**2 - 407*m - 2820. What is k(142)?
-122
Let j(z) = 3*z**3 + 57*z**2 - 36264*z - 653726. Calculate j(-18).
-2
Let a(w) = -59442*w - 653857. Calculate a(-11).
5
Let r(q) = 10318*q - 1774695. What is r(172)?
1
Let b(q) = -2*q**2 + 5340*q - 58551. Give b(11).
-53
Let m(x) = 750*x - 405000. What is m(540)?
0
Let i(n) = n**3 + 8*n**2 - 34*n + 27. Give i(2).
-1
Let q(w) = 2*w**3 + 466*w**2 - 2851*w + 39. What is q(6)?
141
Let z(j) = -3609*j - 28875. Determine z(-8).
-3
Let f(a) = 313858*a - 627704. What is f(2)?
12
Let x(y) = 66*y + 524. Give x(-5).
194
Let s(g) = g**3 + 21*g**2 + 466*g + 1749. Determine s(-4).
157
Let b(y) = -17079*y - 1246730. What is b(-73)?
37
Let x(l) = -41353*l + 32834273. Determine x(794).
-9
Let c(x) = 208*x**2 + 14752*x - 1274. Calculate c(-71).
-138
Let z(t) = 14*t**3 - 58*t**2 - 406*t - 209. What is z(8)?
-1
Let q(c) = -23*c**3 - 29533*c**2 - 1414*c - 166906. Calculate q(-1284).
14
Let u(t) = 41994*t - 13774043. Give u(328).
-11
Let i(h) = 2*h**3 - 29*h**2 - 10*h - 9. Give i(14).
-345
Let d(b) = 476*b - 4718. Give d(10).
42
Let y(q) = 3*q**2 + 92*q + 932. What is y(